{"id":190,"date":"2023-02-14T22:43:27","date_gmt":"2023-02-14T21:43:27","guid":{"rendered":"http:\/\/sillboularna.se\/?page_id=190"},"modified":"2025-08-25T21:21:17","modified_gmt":"2025-08-25T19:21:17","slug":"klubbmasterskap-singel","status":"publish","type":"page","link":"http:\/\/sillboularna.se\/?page_id=190","title":{"rendered":"Klubbm\u00e4sterskap Singel"},"content":{"rendered":"\n<h1 class=\"wp-block-heading\" id=\"ContentStart\">Vinnare i singel<\/h1>\n\n\n\n<p>1993&nbsp; Uno Gustafsson<\/p>\n\n\n\n<p>1994&nbsp; Jan-Olof Gustafsson<\/p>\n\n\n\n<p>1995&nbsp; Andreas Paradis<\/p>\n\n\n\n<p>1996&nbsp; Lennart \u00c5hman<\/p>\n\n\n\n<p>1997&nbsp; Bjarne Axelsson<\/p>\n\n\n\n<p>1998&nbsp; Lars Kroon<\/p>\n\n\n\n<p>1999&nbsp; Lars Kroon<\/p>\n\n\n\n<p>2000&nbsp; Willy Axelsson<\/p>\n\n\n\n<p>2001 &nbsp;Lars Kroon<\/p>\n\n\n\n<p>2002&nbsp; Laila Kindberg<\/p>\n\n\n\n<p>2003&nbsp; Kalle Andersson (numera B\u00fclow)<\/p>\n\n\n\n<p>2004&nbsp; Hans Wennstr\u00f6m<\/p>\n\n\n\n<p>2005&nbsp; Stig Ekvall<\/p>\n\n\n\n<p>2006 &#8211; 2011 spelades inte klubbm\u00e4sterskap i singel<\/p>\n\n\n\n<p>2012&nbsp; Jan-Erik Gram<\/p>\n\n\n\n<p>2013&nbsp;&nbsp;Jan-Erik Nilsson<\/p>\n\n\n\n<p>2014&nbsp;&nbsp;Bjarne Axelsson<\/p>\n\n\n\n<p>2015&nbsp; Jan-Erik Nilsson<\/p>\n\n\n\n<p>2016&nbsp; Mustafa Houssein<\/p>\n\n\n\n<p>2017&nbsp; Peter Johnsson<\/p>\n\n\n\n<p>2018 Jan-Erik Nilsson<\/p>\n\n\n\n<p>2019 Rolf Andersson<\/p>\n\n\n\n<p>2020 J\u00f6rgen Karlsson&nbsp;<\/p>\n\n\n\n<p>2021 Jan-Erik Nilsson<\/p>\n\n\n\n<p>2022 Jan- Erik Nilsson&nbsp;<\/p>\n\n\n\n<p>2023  Hans-\u00c5ke Olsson <\/p>\n\n\n\n<p>2024 Rolf Andersson<\/p>\n\n\n\n<p>2025 Liam Hillviken<\/p>\n","protected":false},"excerpt":{"rendered":"<p>Vinnare i singel 1993&nbsp; Uno Gustafsson 1994&nbsp; Jan-Olof Gustafsson 1995&nbsp; Andreas Paradis 1996&nbsp; Lennart \u00c5hman 1997&nbsp; Bjarne Axelsson 1998&nbsp; Lars Kroon 1999&nbsp; Lars Kroon 2000&nbsp; Willy Axelsson 2001 &nbsp;Lars Kroon 2002&nbsp; Laila Kindberg 2003&nbsp; Kalle Andersson (numera B\u00fclow) 2004&nbsp; Hans Wennstr\u00f6m 2005&nbsp; Stig Ekvall 2006 &#8211; 2011 spelades inte klubbm\u00e4sterskap i singel 2012&nbsp; Jan-Erik Gram [&hellip;]<\/p>\n","protected":false},"author":1,"featured_media":0,"parent":0,"menu_order":0,"comment_status":"closed","ping_status":"closed","template":"","meta":{"_mc_calendar":[],"footnotes":""},"class_list":["post-190","page","type-page","status-publish","hentry"],"_links":{"self":[{"href":"http:\/\/sillboularna.se\/index.php?rest_route=\/wp\/v2\/pages\/190","targetHints":{"allow":["GET"]}}],"collection":[{"href":"http:\/\/sillboularna.se\/index.php?rest_route=\/wp\/v2\/pages"}],"about":[{"href":"http:\/\/sillboularna.se\/index.php?rest_route=\/wp\/v2\/types\/page"}],"author":[{"embeddable":true,"href":"http:\/\/sillboularna.se\/index.php?rest_route=\/wp\/v2\/users\/1"}],"replies":[{"embeddable":true,"href":"http:\/\/sillboularna.se\/index.php?rest_route=%2Fwp%2Fv2%2Fcomments&post=190"}],"version-history":[{"count":4,"href":"http:\/\/sillboularna.se\/index.php?rest_route=\/wp\/v2\/pages\/190\/revisions"}],"predecessor-version":[{"id":1261,"href":"http:\/\/sillboularna.se\/index.php?rest_route=\/wp\/v2\/pages\/190\/revisions\/1261"}],"wp:attachment":[{"href":"http:\/\/sillboularna.se\/index.php?rest_route=%2Fwp%2Fv2%2Fmedia&parent=190"}],"curies":[{"name":"wp","href":"https:\/\/api.w.org\/{rel}","templated":true}]}}