{"id":461,"date":"2023-04-16T20:12:34","date_gmt":"2023-04-16T18:12:34","guid":{"rendered":"http:\/\/sillboularna.se\/?page_id=461"},"modified":"2024-04-17T20:10:44","modified_gmt":"2024-04-17T18:10:44","slug":"tockacupen","status":"publish","type":"page","link":"http:\/\/sillboularna.se\/?page_id=461","title":{"rendered":"Tockacupen"},"content":{"rendered":"\n<p>2022  Eggstra Bra : Ren\u00e9 Cottin, Robert ?, Bo Montan<\/p>\n\n\n\n<p>2023  Kammen : Ewa Lundqvist, Rolf Andersson<\/p>\n\n\n\n<p>2024  Springchicken : Hans-\u00c5ke Ohlsson, Malcolm H\u00f6\u00f6k <\/p>\n","protected":false},"excerpt":{"rendered":"<p>2022 Eggstra Bra : Ren\u00e9 Cottin, Robert ?, Bo Montan 2023 Kammen : Ewa Lundqvist, Rolf Andersson 2024 Springchicken : Hans-\u00c5ke Ohlsson, Malcolm H\u00f6\u00f6k<\/p>\n","protected":false},"author":1,"featured_media":0,"parent":0,"menu_order":0,"comment_status":"closed","ping_status":"closed","template":"","meta":{"_mc_calendar":[],"footnotes":""},"class_list":["post-461","page","type-page","status-publish","hentry"],"_links":{"self":[{"href":"http:\/\/sillboularna.se\/index.php?rest_route=\/wp\/v2\/pages\/461","targetHints":{"allow":["GET"]}}],"collection":[{"href":"http:\/\/sillboularna.se\/index.php?rest_route=\/wp\/v2\/pages"}],"about":[{"href":"http:\/\/sillboularna.se\/index.php?rest_route=\/wp\/v2\/types\/page"}],"author":[{"embeddable":true,"href":"http:\/\/sillboularna.se\/index.php?rest_route=\/wp\/v2\/users\/1"}],"replies":[{"embeddable":true,"href":"http:\/\/sillboularna.se\/index.php?rest_route=%2Fwp%2Fv2%2Fcomments&post=461"}],"version-history":[{"count":4,"href":"http:\/\/sillboularna.se\/index.php?rest_route=\/wp\/v2\/pages\/461\/revisions"}],"predecessor-version":[{"id":972,"href":"http:\/\/sillboularna.se\/index.php?rest_route=\/wp\/v2\/pages\/461\/revisions\/972"}],"wp:attachment":[{"href":"http:\/\/sillboularna.se\/index.php?rest_route=%2Fwp%2Fv2%2Fmedia&parent=461"}],"curies":[{"name":"wp","href":"https:\/\/api.w.org\/{rel}","templated":true}]}}